o - 5*d - 42 = -94. Calculate the highest common divisor of o and 49963.
17
Suppose 936*o - 2574 = 1830*o - 912*o. What is the highest common divisor of 3679 and o?
13
Suppose 2*l - 8 = 3*l - a, -4*l + 3*a = 32. Let b be (l/20)/((-4)/20). Let r be (b + -10)*35/(-20). What is the highest common factor of 126 and r?
14
Let j be (6/(-10) - (2 + 1))*(-1120)/24. What is the greatest common factor of 1624 and j?
56
Let p = 1 - -2. Let h be 2175/9 + 1/p. Suppose -92 = 96*d - 2204. What is the greatest common divisor of h and d?
22
Let y = -21210 - -21252. Calculate the highest common factor of y and 6069.
21
Let m = 716 - 716. Let a be (4/5)/((-2)/(-55)). Suppose m = 2*t - 4*t + 4*q + 68, -4*q + a = t. Calculate the highest common factor of 10 and t.
10
Suppose -5*u = 2*i - 15425, -5*i + 4*u = -3*i - 15470. Let w be i/50 - 6*2/8. Suppose 2*x - 102 = -x. What is the highest common factor of w and x?
17
Let y = 1261 + -1101. What is the greatest common divisor of y and 2260?
20
Let j = 1904 - 1862. Suppose u - 4*u + 12 = 0. Suppose 2*i = 6*i - u*k - 184, 4*k - 110 = -3*i. Calculate the greatest common divisor of i and j.
42
Let l(h) = -h**3 - 4*h**2 - 4*h - 3. Let n be l(-3). Let p be (2 + -2)/(n + 1). Suppose p = -5*i - 11 + 56. Calculate the highest common factor of 72 and i.
9
Let u be 21/35 + (-37)/(-5). Let d be (-4)/((-64)/20)*u. Suppose 13*v + 5*p + 125 = 16*v, -5*v - p + 255 = 0. What is the highest common factor of v and d?
10
Suppose -44*m + 1083 = 118*m - 51. Let s = -5 + 7. Suppose 0*c + 42 = s*c. Calculate the highest common divisor of m and c.
7
Let h be (810/25)/9*(-690)/(-4). Suppose -6*g + h = 17*g. What is the highest common divisor of 351 and g?
27
Let p be (-49)/(-3) + 4/6. Let o be ((-176)/(-28))/((-1)/(-7)). Suppose -o = -a + 75. Calculate the greatest common divisor of p and a.
17
Let y(m) = -m - 6. Let g be y(-11). Suppose 3*w + 0*q - 80 = -4*q, -125 = -5*w - g*q. Let u be (45/6)/15 + 638/4. What is the highest common divisor of w and u?
20
Suppose -427*j - 12992 = -543*j. Calculate the highest common divisor of j and 2268.
28
Let p = 12 - -32. Suppose 10*f - 18*f = -512. Suppose -2*b = -2*q - 3*b + 43, 2*b - f = -3*q. What is the highest common factor of p and q?
22
Let k(o) = 4*o + 2. Let v be k(2). Suppose -86 - 449 = -3*g + y, 3*y = -5*g + 901. Suppose 178*f - g*f = -20. What is the highest common factor of f and v?
10
Let i = -372 + 489. Calculate the greatest common divisor of 3159 and i.
117
Suppose -b + 589 = -3*h + 2*h, -h = -3*b + 1749. Calculate the highest common divisor of 500 and b.
20
Suppose 62811 + 117460 - 25396 = 25*h. Calculate the highest common divisor of h and 354.
177
Let n be (-876)/(-28) - 4/14. Suppose l - 1 = i - 4, n = 5*i - l. Suppose 0 = -3*y + i*y - 4. What is the greatest common divisor of 7 and y?
1
Let a = 1441 + -1408. What is the greatest common divisor of 75 and a?
3
Suppose 14060 = 29*p + 66*p. Calculate the highest common divisor of p and 4292.
148
Let s(l) = -19*l**3 - l**2 + 5*l + 5. Let a = -65 - -64. Let u be s(a). What is the greatest common divisor of u and 162?
18
Let v(n) = 3*n**3 - 3*n**2 + n + 151. Let j be v(5). Calculate the greatest common factor of j and 171.
57
Let c be (-2 - 31910/(-18)) + (-798)/(-3591). Calculate the highest common divisor of 33 and c.
11
Suppose 10*f - 135 - 1055 = -6*f - 18*f. Let l(k) = 25*k + 5. Let t be l(4). Calculate the highest common factor of t and f.
35
Suppose -3*a + 3*n = 14 - 32, -a + 3*n = -14. Suppose 3*f = 5*q + 6*f - 842, -a*f = -8. What is the greatest common factor of q and 415?
83
Suppose -h - 18 = -7*h. Suppose d = 4*b - b - 34, h*b - 36 = 3*d. Suppose -14 = 10*i - b*i. What is the greatest common factor of i and 42?
14
Let g be ((-518)/(-21))/(-1*(-4)/(-6)). Let z = 39 + g. Let a be z*2*20/8. What is the greatest common factor of 60 and a?
10
Suppose -r - 29*k = -34*k - 392, 0 = -k + 4. Calculate the highest common divisor of 2987 and r.
103
Let q be ((-1)/3)/((-1)/51). Let o = q - 9. Suppose 0 = -3*j - 5*c + 145, 4*j - 3*j - 35 = c. What is the greatest common divisor of o and j?
8
Let l = -20 + -137. Let o = 185 + l. Calculate the greatest common divisor of o and 14.
14
Let u = -86 + -515. Let d = u + 633. What is the greatest common divisor of 32 and d?
32
Let q be (10/(-4))/((15/(-45))/((-130)/(-15))). What is the highest common divisor of q and 403?
13
Let n = 8011 + -7873. What is the greatest common factor of 486 and n?
6
Suppose 5*l = -4*u + 1766, 529 = 2*u - 3*l - 321. What is the greatest common divisor of 602 and u?
14
Let i(b) = b**3 - 5*b**2 + 5*b + 7. Suppose 0 = 2*r + 4, -1 = -z + 2*z + 3*r. Let g be i(z). What is the greatest common factor of 112 and g?
16
Let i(r) = -r**3 - 25*r**2 + 679*r - 4. Let w be i(16). Calculate the highest common factor of w and 350.
14
Suppose -2138 = -23*q + 3203 - 1707. Calculate the greatest common factor of q and 1343.
79
Suppose 3*y + 43 = -5*b, 0 = -y + 2*b + 1 + 3. Let d be 125 - -3*(-14)/y. Calculate the greatest common divisor of d and 33.
33
Let d be (-45)/(-12) - (-4)/16. Suppose 4*u = -2*n + 16, -4 = 3*u - d*n - 16. Suppose -u*x + 47 = -41. What is the greatest common divisor of x and 22?
22
Suppose a = -3*d + 12, 0*d - 60 = -5*a + 2*d. Let p be 45/5 + -1*5. Calculate the highest common divisor of p and a.
4
Let y(w) = 3*w**2 - 11*w + 134. Let u be y(17). Calculate the highest common divisor of 44 and u.
22
Let h(s) = 7*s - 48. Let q be h(12). Let v = q + 2. What is the highest common factor of 57 and v?
19
Let n be (-81)/(-2) + ((-3)/2)/(-1). Let y be (-7)/((-49)/390) + 12/n. Calculate the greatest common factor of 56 and y.
56
Let o(h) = -74*h**2 - 1867*h + 48. Let v be o(-25). Calculate the highest common factor of 539 and v.
11
Let v = 37 + -23. Let z be (-209)/(-2) + 1*7/v. What is the highest common divisor of 21 and z?
21
Let m = -540 + 557. Let g(y) = -11*y + 199. Let r be g(m). Calculate the highest common divisor of 204 and r.
12
Suppose 5*l + 20*t - 16*t = 380, 0 = -5*l + 2*t + 350. What is the highest common factor of l and 552?
24
Let t be -7 + 6 + (-11 - -8). Let f be -1 + t - (-132 + 1 + 6). Calculate the highest common factor of 105 and f.
15
Let h(q) = -q**2 + 14*q + 75. Let t(n) = -n**3 - 4*n**2 + n + 19. Let c be t(-4). Let d be h(c). Calculate the highest common divisor of 165 and d.
15
Let y be 48/456 - (5 - (-54680)/(-19)). Calculate the greatest common divisor of 338 and y.
169
Suppose 2*z + 14*z - 240 = 0. Suppose -330*u - z = -335*u. What is the greatest common factor of 27 and u?
3
Let r = -6363 - -6384. Calculate the greatest common divisor of r and 777.
21
Let t(o) = 5*o**2 - 14*o + 6. Suppose 17*m + 32 = 25*m. Let i be t(m). What is the greatest common factor of 480 and i?
30
Suppose -4*s = -3*f - 219 - 4093, 2*s = 2*f + 2158. What is the greatest common divisor of s and 129?
43
Suppose -40*u + 167845 = 27005. What is the highest common factor of 14 and u?
7
Suppose 5*g - 16 - 204 = -3*p, -282 = -4*p - g. Calculate the highest common factor of 4 and p.
2
Suppose -c - 105 = -133. Let f be 282/22 + c/154. Let s be (-2 - -1 - -2)*91. What is the highest common divisor of f and s?
13
Let p(q) = 12*q**2 + q - 2. Let d(j) = -13*j**2 + 1. Let f(i) = -2*d(i) - 3*p(i). Let u be f(6). Let w = 535 + u. What is the highest common factor of 23 and w?
23
Suppose 0 = -0*v + 5*v - 850. Let x(p) = -11*p. Let c be x(-1). Let y(u) = u**2 - 10*u - 1. Let i be y(c). What is the highest common divisor of v and i?
10
Suppose 5*h + f = 454, f = 5*h + 1177 - 1623. What is the highest common factor of 207 and h?
9
Suppose -5*p + 15 = 0, 2*m + m = -5*p + 210. Suppose -3*o + 2*b = -195, 17*o = 16*o + 3*b + m. Calculate the highest common divisor of o and 130.
65
Let i be ((-156)/(-117))/(1/((-366)/(-4))). What is the greatest common divisor of i and 2501?
61
Let p = -31872 - -45870. Suppose 41*f = p - 4240. What is the highest common divisor of 51 and f?
17
Let z be (5 - 8)*13383/(-27). Suppose 449 = 11*j - z. What is the greatest common divisor of j and 55?
11
Suppose 21*n = 35*n - 4060. Let c = n - 256. Suppose 0 = g - 5*w - 262, -2*g = 5*w - 585 + 31. What is the greatest common divisor of g and c?
34
Let i(l) = -l**3 + 9*l**2 - 322*l + 1570. Let g be i(5). Suppose 600